--
-- Host: localhost    Database: plan_iso
-- ------------------------------------------------------


--
-- Table structure for table `analisis_hallazgo`
--

CREATE TABLE `analisis_hallazgo` (
  `id` int(11) NOT NULL AUTO_INCREMENT,
  `orden` int(11) DEFAULT NULL,
  `descripcion` varchar(260) NOT NULL,
  `observaciones` text,
  `activo` tinyint(1) DEFAULT '1',
  `created_by` varchar(32) DEFAULT NULL,
  `updated_by` varchar(32) DEFAULT NULL,
  `created_at` datetime DEFAULT NULL,
  `updated_at` datetime DEFAULT NULL,
  PRIMARY KEY (`id`)
) ENGINE=InnoDB AUTO_INCREMENT=5 DEFAULT CHARSET=latin1;

--
-- Dumping data for table `analisis_hallazgo`
--

INSERT INTO `analisis_hallazgo` VALUES (1,1,'¿Por qué surgió el problema?','',1,NULL,NULL,'2015-03-04 01:36:47','2015-03-04 01:36:47'),(2,2,'¿Por qué la razón anterior?','',1,NULL,NULL,'2015-03-04 01:36:56','2015-03-04 01:36:56'),(3,3,'¿Por qué la razón anterior?  Siguiente','',1,NULL,NULL,'2015-03-04 01:37:07','2015-03-04 01:37:42'),(4,4,'Causa raíz del problema potencial:','',1,NULL,NULL,'2015-03-04 01:37:20','2015-03-04 01:37:20');

--
-- Table structure for table `conformidad`
--

CREATE TABLE `conformidad` (
  `id` int(11) NOT NULL AUTO_INCREMENT,
  `nombre` varchar(320) DEFAULT NULL,
  `proyecto_id` int(11) DEFAULT NULL,
  `descripcion` text NOT NULL,
  `fecha` date DEFAULT NULL,
  `fuente_hallazgo_id` int(11) DEFAULT NULL,
  `referencia_comprobada` varchar(520) DEFAULT NULL,
  `reportado_por` int(11) DEFAULT NULL,
  `causa_raiz` text NOT NULL,
  `estatus_id` int(11) DEFAULT NULL,
  `cerrado_por` int(11) DEFAULT NULL,
  `fecha_cerrado` date DEFAULT NULL,
  `vo_bo_por` int(11) DEFAULT NULL,
  `fecha_vo_bo` date DEFAULT NULL,
  `accion_inmediata` text NOT NULL,
  `dispocision_final` text NOT NULL,
  `responsable_dispocision` varchar(520) DEFAULT NULL,
  `fecha_disposicion` date DEFAULT NULL,
  `fecha_fin` date DEFAULT NULL,
  `no_revision` int(11) DEFAULT NULL,
  `codigo_conformidad` varchar(50) DEFAULT NULL,
  `observaciones` text,
  `activo` tinyint(1) DEFAULT '1',
  `created_by` varchar(32) DEFAULT NULL,
  `updated_by` varchar(32) DEFAULT NULL,
  `created_at` datetime DEFAULT NULL,
  `updated_at` datetime DEFAULT NULL,
  PRIMARY KEY (`id`),
  KEY `conformidad_I_1` (`reportado_por`),
  KEY `conformidad_I_2` (`cerrado_por`),
  KEY `conformidad_I_3` (`vo_bo_por`),
  KEY `conformidad_FI_3` (`estatus_id`),
  KEY `conformidad_FI_1` (`proyecto_id`),
  KEY `conformidad_FI_2` (`fuente_hallazgo_id`),
  CONSTRAINT `conformidad_FK_1` FOREIGN KEY (`proyecto_id`) REFERENCES `proyecto` (`id`),
  CONSTRAINT `conformidad_FK_2` FOREIGN KEY (`reportado_por`) REFERENCES `participante` (`id`),
  CONSTRAINT `conformidad_FK_3` FOREIGN KEY (`estatus_id`) REFERENCES `estatus` (`id`),
  CONSTRAINT `conformidad_FK_4` FOREIGN KEY (`cerrado_por`) REFERENCES `participante` (`id`),
  CONSTRAINT `conformidad_FK_5` FOREIGN KEY (`vo_bo_por`) REFERENCES `participante` (`id`)
) ENGINE=InnoDB AUTO_INCREMENT=2 DEFAULT CHARSET=latin1;

--
-- Dumping data for table `conformidad`
--

INSERT INTO `conformidad` VALUES (1,'Primera No confomidad',1,'detalle de no confomridad','2015-03-11',1,'refrecnaias ',1,'',1,NULL,NULL,NULL,NULL,'','',NULL,NULL,NULL,NULL,'2015-ND-001-1',NULL,1,NULL,NULL,'2015-03-11 01:30:34','2015-03-11 01:30:34');

--
-- Table structure for table `conformidad_analisis_hallazgo`
--

CREATE TABLE `conformidad_analisis_hallazgo` (
  `id` int(11) NOT NULL AUTO_INCREMENT,
  `conformidad_id` int(11) DEFAULT NULL,
  `analisis_hallazgo_id` int(11) DEFAULT NULL,
  `comentarios` text,
  `observaciones` text,
  `activo` tinyint(1) DEFAULT '1',
  `created_by` varchar(32) DEFAULT NULL,
  `updated_by` varchar(32) DEFAULT NULL,
  `created_at` datetime DEFAULT NULL,
  `updated_at` datetime DEFAULT NULL,
  PRIMARY KEY (`id`),
  KEY `conformidad_analisis_hallazgo_FI_1` (`conformidad_id`),
  KEY `conformidad_analisis_hallazgo_FI_2` (`analisis_hallazgo_id`),
  CONSTRAINT `conformidad_analisis_hallazgo_FK_1` FOREIGN KEY (`conformidad_id`) REFERENCES `conformidad` (`id`),
  CONSTRAINT `conformidad_analisis_hallazgo_FK_2` FOREIGN KEY (`analisis_hallazgo_id`) REFERENCES `analisis_hallazgo` (`id`)
) ENGINE=InnoDB DEFAULT CHARSET=latin1;

--
-- Dumping data for table `conformidad_analisis_hallazgo`
--


--
-- Table structure for table `conformidad_costo`
--

CREATE TABLE `conformidad_costo` (
  `id` int(11) NOT NULL AUTO_INCREMENT,
  `conformidad_id` int(11) DEFAULT NULL,
  `tipo_costo_id` int(11) DEFAULT NULL,
  `cantidad` int(11) DEFAULT NULL,
  `unidad` double DEFAULT NULL,
  `costo` double DEFAULT NULL,
  `observaciones` text,
  `activo` tinyint(1) DEFAULT '1',
  `created_by` varchar(32) DEFAULT NULL,
  `updated_by` varchar(32) DEFAULT NULL,
  `created_at` datetime DEFAULT NULL,
  `updated_at` datetime DEFAULT NULL,
  PRIMARY KEY (`id`),
  KEY `conformidad_costo_FI_1` (`conformidad_id`),
  KEY `conformidad_costo_FI_2` (`tipo_costo_id`),
  CONSTRAINT `conformidad_costo_FK_1` FOREIGN KEY (`conformidad_id`) REFERENCES `conformidad` (`id`),
  CONSTRAINT `conformidad_costo_FK_2` FOREIGN KEY (`tipo_costo_id`) REFERENCES `tipo_costo` (`id`)
) ENGINE=InnoDB DEFAULT CHARSET=latin1;

--
-- Dumping data for table `conformidad_costo`
--


--
-- Table structure for table `conformidad_detalle_hallazgo`
--

CREATE TABLE `conformidad_detalle_hallazgo` (
  `id` int(11) NOT NULL AUTO_INCREMENT,
  `conformidad_id` int(11) DEFAULT NULL,
  `identificacion_hallazgo_id` int(11) DEFAULT NULL,
  `division_hallazgo_id` int(11) DEFAULT NULL,
  `observaciones` text,
  `activo` tinyint(1) DEFAULT '1',
  `created_by` varchar(32) DEFAULT NULL,
  `updated_by` varchar(32) DEFAULT NULL,
  `created_at` datetime DEFAULT NULL,
  `updated_at` datetime DEFAULT NULL,
  PRIMARY KEY (`id`),
  KEY `conformidad_detalle_hallazgo_FI_1` (`conformidad_id`),
  KEY `conformidad_detalle_hallazgo_FI_2` (`identificacion_hallazgo_id`),
  KEY `conformidad_detalle_hallazgo_FI_3` (`division_hallazgo_id`),
  CONSTRAINT `conformidad_detalle_hallazgo_FK_3` FOREIGN KEY (`division_hallazgo_id`) REFERENCES `division_hallazgo` (`id`),
  CONSTRAINT `conformidad_detalle_hallazgo_FK_1` FOREIGN KEY (`conformidad_id`) REFERENCES `conformidad` (`id`),
  CONSTRAINT `conformidad_detalle_hallazgo_FK_2` FOREIGN KEY (`identificacion_hallazgo_id`) REFERENCES `identificacion_hallazgo` (`id`)
) ENGINE=InnoDB AUTO_INCREMENT=4 DEFAULT CHARSET=latin1;

--
-- Dumping data for table `conformidad_detalle_hallazgo`
--

INSERT INTO `conformidad_detalle_hallazgo` VALUES (1,1,1,NULL,NULL,1,NULL,NULL,'2015-03-11 01:30:34','2015-03-11 01:30:34'),(2,1,2,NULL,NULL,1,NULL,NULL,'2015-03-11 01:30:34','2015-03-11 01:30:34'),(3,1,3,NULL,NULL,1,NULL,NULL,'2015-03-11 01:30:34','2015-03-11 01:30:34');

--
-- Table structure for table `conformidad_disposicion`
--

CREATE TABLE `conformidad_disposicion` (
  `id` int(11) NOT NULL AUTO_INCREMENT,
  `conformidad_id` int(11) DEFAULT NULL,
  `dispocision_tomar_id` int(11) DEFAULT NULL,
  `observaciones` text,
  `activo` tinyint(1) DEFAULT '1',
  `created_by` varchar(32) DEFAULT NULL,
  `updated_by` varchar(32) DEFAULT NULL,
  `created_at` datetime DEFAULT NULL,
  `updated_at` datetime DEFAULT NULL,
  PRIMARY KEY (`id`),
  KEY `conformidad_disposicion_FI_1` (`conformidad_id`),
  KEY `conformidad_disposicion_FI_2` (`dispocision_tomar_id`),
  CONSTRAINT `conformidad_disposicion_FK_1` FOREIGN KEY (`conformidad_id`) REFERENCES `conformidad` (`id`),
  CONSTRAINT `conformidad_disposicion_FK_2` FOREIGN KEY (`dispocision_tomar_id`) REFERENCES `dispocision_tomar` (`id`)
) ENGINE=InnoDB DEFAULT CHARSET=latin1;

--
-- Dumping data for table `conformidad_disposicion`
--


--
-- Table structure for table `conformidad_seguimieto`
--

CREATE TABLE `conformidad_seguimieto` (
  `id` int(11) NOT NULL AUTO_INCREMENT,
  `conformidad_id` int(11) DEFAULT NULL,
  `tipo_seguimiento_id` int(11) DEFAULT NULL,
  `participante_id` int(11) DEFAULT NULL,
  `comentarios` text,
  `fecha_inicio` date DEFAULT NULL,
  `fecha_fin` date DEFAULT NULL,
  `observaciones` text,
  `activo` tinyint(1) DEFAULT '1',
  `created_by` varchar(32) DEFAULT NULL,
  `updated_by` varchar(32) DEFAULT NULL,
  `created_at` datetime DEFAULT NULL,
  `updated_at` datetime DEFAULT NULL,
  PRIMARY KEY (`id`),
  KEY `conformidad_seguimieto_FI_1` (`conformidad_id`),
  KEY `conformidad_seguimieto_FI_2` (`tipo_seguimiento_id`),
  KEY `conformidad_seguimieto_FI_3` (`participante_id`),
  CONSTRAINT `conformidad_seguimieto_FK_1` FOREIGN KEY (`conformidad_id`) REFERENCES `conformidad` (`id`),
  CONSTRAINT `conformidad_seguimieto_FK_2` FOREIGN KEY (`tipo_seguimiento_id`) REFERENCES `tipo_seguimiento` (`id`),
  CONSTRAINT `conformidad_seguimieto_FK_3` FOREIGN KEY (`participante_id`) REFERENCES `participante` (`id`)
) ENGINE=InnoDB DEFAULT CHARSET=latin1;

--
-- Dumping data for table `conformidad_seguimieto`
--


--
-- Table structure for table `correlativo`
--

CREATE TABLE `correlativo` (
  `id` int(11) NOT NULL AUTO_INCREMENT,
  `ano` int(11) DEFAULT NULL,
  `proyecto_id` int(11) DEFAULT NULL,
  `numero` int(11) DEFAULT NULL,
  `observaciones` text,
  `activo` tinyint(1) DEFAULT '1',
  `created_by` varchar(32) DEFAULT NULL,
  `updated_by` varchar(32) DEFAULT NULL,
  `created_at` datetime DEFAULT NULL,
  `updated_at` datetime DEFAULT NULL,
  PRIMARY KEY (`id`),
  KEY `correlativo_FI_1` (`proyecto_id`),
  CONSTRAINT `correlativo_FK_1` FOREIGN KEY (`proyecto_id`) REFERENCES `proyecto` (`id`)
) ENGINE=InnoDB AUTO_INCREMENT=2 DEFAULT CHARSET=latin1;

--
-- Dumping data for table `correlativo`
--

INSERT INTO `correlativo` VALUES (1,2015,1,1,NULL,1,NULL,NULL,'2015-03-11 01:30:34','2015-03-11 01:30:34');

--
-- Table structure for table `dispocision_tomar`
--

CREATE TABLE `dispocision_tomar` (
  `id` int(11) NOT NULL AUTO_INCREMENT,
  `orden` int(11) DEFAULT NULL,
  `prefijo` varchar(32) DEFAULT NULL,
  `nombre` varchar(260) NOT NULL,
  `observaciones` text,
  `activo` tinyint(1) DEFAULT '1',
  `created_by` varchar(32) DEFAULT NULL,
  `updated_by` varchar(32) DEFAULT NULL,
  `created_at` datetime DEFAULT NULL,
  `updated_at` datetime DEFAULT NULL,
  PRIMARY KEY (`id`)
) ENGINE=InnoDB AUTO_INCREMENT=5 DEFAULT CHARSET=latin1;

--
-- Dumping data for table `dispocision_tomar`
--

INSERT INTO `dispocision_tomar` VALUES (1,1,'co','Corrección','',1,NULL,NULL,'2015-03-04 01:41:29','2015-03-04 01:41:29'),(2,2,'ac','Acción Correctiva','',1,NULL,NULL,'2015-03-04 01:41:42','2015-03-04 01:41:42'),(3,3,'ap','Acción Preventiva','',1,NULL,NULL,'2015-03-04 01:41:59','2015-03-04 01:41:59'),(4,4,'na','No aplica','',1,NULL,NULL,'2015-03-06 02:04:37','2015-03-06 02:04:37');

--
-- Table structure for table `division_hallazgo`
--

CREATE TABLE `division_hallazgo` (
  `id` int(11) NOT NULL AUTO_INCREMENT,
  `orden` int(11) DEFAULT NULL,
  `prefijo` varchar(32) DEFAULT NULL,
  `nombre` varchar(260) NOT NULL,
  `observaciones` text,
  `activo` tinyint(1) DEFAULT '1',
  `created_by` varchar(32) DEFAULT NULL,
  `updated_by` varchar(32) DEFAULT NULL,
  `created_at` datetime DEFAULT NULL,
  `updated_at` datetime DEFAULT NULL,
  PRIMARY KEY (`id`)
) ENGINE=InnoDB AUTO_INCREMENT=11 DEFAULT CHARSET=latin1;

--
-- Dumping data for table `division_hallazgo`
--

INSERT INTO `division_hallazgo` VALUES (1,1,'GG','Gestión Gerencial','',1,NULL,NULL,'2015-03-04 01:44:19','2015-03-04 01:44:19'),(2,2,'GI','Gestión Integrada','',1,NULL,NULL,'2015-03-04 01:44:33','2015-03-04 01:44:33'),(3,3,'DI','Diseño','',1,NULL,NULL,'2015-03-04 01:44:48','2015-03-04 01:44:48'),(4,4,'OF','Ofertas','',1,NULL,NULL,'2015-03-04 01:45:05','2015-03-04 01:45:05'),(5,5,'Pla','Planificación ','',1,NULL,NULL,'2015-03-04 01:45:20','2015-03-04 01:45:20'),(6,6,'pr','Producción','',1,NULL,NULL,'2015-03-04 01:45:34','2015-03-04 01:45:34'),(7,7,'Co','Construcción ','',1,NULL,NULL,'2015-03-04 01:45:48','2015-03-04 01:45:48'),(8,8,'Mo','Montaje','',1,NULL,NULL,'2015-03-04 01:46:00','2015-03-04 01:46:00'),(9,9,'Ge','Gestión de Recursos','',1,NULL,NULL,'2015-03-04 01:46:14','2015-03-04 01:46:14'),(10,7,'cm','Control de Maquinaria','',1,NULL,NULL,'2015-03-04 01:46:29','2015-03-04 01:46:29');

--
-- Table structure for table `empresa`
--

CREATE TABLE `empresa` (
  `id` int(11) NOT NULL AUTO_INCREMENT,
  `prefijo` varchar(32) DEFAULT NULL,
  `nombre` varchar(260) NOT NULL,
  `direccion` varchar(260) DEFAULT NULL,
  `telefono` varchar(260) DEFAULT NULL,
  `encargado` varchar(260) DEFAULT NULL,
  `observaciones` text,
  `activo` tinyint(1) DEFAULT '1',
  `created_by` varchar(32) DEFAULT NULL,
  `updated_by` varchar(32) DEFAULT NULL,
  `created_at` datetime DEFAULT NULL,
  `updated_at` datetime DEFAULT NULL,
  PRIMARY KEY (`id`)
) ENGINE=InnoDB AUTO_INCREMENT=5 DEFAULT CHARSET=latin1;

--
-- Dumping data for table `empresa`
--

INSERT INTO `empresa` VALUES (1,'001','GRUPO ITSA, S.A.','20 CALLE 5-36 ZONA 10','2385-2500','','',1,NULL,NULL,'2015-02-28 17:30:53','2015-02-28 17:30:53'),(2,'002','PILOTECMAR, .S.A.','20 CALLE 5-36 ZONA 10','2385-2500','ING. JUAN CARLOS ','',1,NULL,NULL,'2015-02-28 17:31:43','2015-02-28 17:31:43'),(3,'003','ITSACEROS','Guatemala,Ciudad','','','',1,NULL,NULL,'2015-03-04 01:17:11','2015-03-04 01:17:11'),(4,'004','RENTAMAX','Guatemala,Ciudad','','','',1,NULL,NULL,'2015-03-04 01:17:44','2015-03-04 01:17:44');

--
-- Table structure for table `estatus`
--

CREATE TABLE `estatus` (
  `id` int(11) NOT NULL AUTO_INCREMENT,
  `codigo` varchar(32) DEFAULT NULL,
  `descripcion` varchar(260) NOT NULL,
  `observaciones` text,
  `activo` tinyint(1) DEFAULT '1',
  `created_by` varchar(32) DEFAULT NULL,
  `updated_by` varchar(32) DEFAULT NULL,
  `created_at` datetime DEFAULT NULL,
  `updated_at` datetime DEFAULT NULL,
  PRIMARY KEY (`id`)
) ENGINE=InnoDB AUTO_INCREMENT=2 DEFAULT CHARSET=latin1;

--
-- Dumping data for table `estatus`
--

INSERT INTO `estatus` VALUES (1,'nu','Nuevo',NULL,1,NULL,NULL,'2015-03-11 01:30:05','2015-03-11 01:30:05');

--
-- Table structure for table `fuente_hallazgo`
--

CREATE TABLE `fuente_hallazgo` (
  `id` int(11) NOT NULL AUTO_INCREMENT,
  `tipificacion_id` int(11) DEFAULT NULL,
  `orden` int(11) DEFAULT NULL,
  `prefijo` varchar(32) DEFAULT NULL,
  `nombre` varchar(260) NOT NULL,
  `observaciones` text,
  `activo` tinyint(1) DEFAULT '1',
  `created_by` varchar(32) DEFAULT NULL,
  `updated_by` varchar(32) DEFAULT NULL,
  `created_at` datetime DEFAULT NULL,
  `updated_at` datetime DEFAULT NULL,
  PRIMARY KEY (`id`),
  KEY `fuente_hallazgo_FI_1` (`tipificacion_id`),
  CONSTRAINT `fuente_hallazgo_FK_1` FOREIGN KEY (`tipificacion_id`) REFERENCES `tipificacion` (`id`)
) ENGINE=InnoDB AUTO_INCREMENT=8 DEFAULT CHARSET=latin1;

--
-- Dumping data for table `fuente_hallazgo`
--

INSERT INTO `fuente_hallazgo` VALUES (1,1,1,'001','Auditoría Interna','',1,NULL,NULL,'2015-03-04 01:28:36','2015-03-04 01:28:36'),(2,1,2,'002','Auditoría Externa','',1,NULL,NULL,'2015-03-04 01:28:53','2015-03-04 01:28:53'),(3,1,3,'003','Revisión Gerencial','',1,NULL,NULL,'2015-03-04 01:29:11','2015-03-04 01:29:11'),(4,1,4,'004','Peticiones, quejas o reclamos','',1,NULL,NULL,'2015-03-04 01:29:34','2015-03-04 01:29:34'),(5,1,5,'005','Resultado de Indicadores','',1,NULL,NULL,'2015-03-04 01:29:57','2015-03-04 01:29:57'),(6,1,6,'006','Incidentes','',1,NULL,NULL,'2015-03-04 01:30:44','2015-03-04 01:30:44'),(7,1,7,'007','Otras, ¿Cuál?','',1,NULL,NULL,'2015-03-04 01:30:57','2015-03-04 01:30:57');

--
-- Table structure for table `identificacion_hallazgo`
--

CREATE TABLE `identificacion_hallazgo` (
  `id` int(11) NOT NULL AUTO_INCREMENT,
  `prefijo` varchar(32) DEFAULT NULL,
  `nombre` varchar(260) NOT NULL,
  `observaciones` text,
  `activo` tinyint(1) DEFAULT '1',
  `created_by` varchar(32) DEFAULT NULL,
  `updated_by` varchar(32) DEFAULT NULL,
  `created_at` datetime DEFAULT NULL,
  `updated_at` datetime DEFAULT NULL,
  PRIMARY KEY (`id`)
) ENGINE=InnoDB AUTO_INCREMENT=4 DEFAULT CHARSET=latin1;

--
-- Dumping data for table `identificacion_hallazgo`
--

INSERT INTO `identificacion_hallazgo` VALUES (1,'ac','Área que causante','',1,NULL,NULL,'2015-03-06 01:56:25','2015-03-06 01:56:25'),(2,'dv','División Causante:','',1,NULL,NULL,'2015-03-06 01:56:48','2015-03-06 01:56:48'),(3,'dv','División Reporta:','',1,NULL,NULL,'2015-03-06 01:59:13','2015-03-06 01:59:13');

--
-- Table structure for table `participante`
--

CREATE TABLE `participante` (
  `id` int(11) NOT NULL AUTO_INCREMENT,
  `nombre` varchar(60) NOT NULL,
  `apellido` varchar(60) NOT NULL,
  `observaciones` text,
  `proyecto_id` int(11) DEFAULT NULL,
  `created_at` datetime DEFAULT NULL,
  `updated_at` datetime DEFAULT NULL,
  `created_by` varchar(32) DEFAULT NULL,
  `updated_by` varchar(32) DEFAULT NULL,
  PRIMARY KEY (`id`),
  KEY `participante_FI_1` (`proyecto_id`),
  CONSTRAINT `participante_FK_1` FOREIGN KEY (`proyecto_id`) REFERENCES `proyecto` (`id`)
) ENGINE=InnoDB AUTO_INCREMENT=2 DEFAULT CHARSET=latin1;

--
-- Dumping data for table `participante`
--

INSERT INTO `participante` VALUES (1,'Julio ','de Paz',NULL,1,'2015-03-09 21:11:29','2015-03-09 21:11:29',NULL,NULL);

--
-- Table structure for table `perfil_usuario`
--

CREATE TABLE `perfil_usuario` (
  `id` int(11) NOT NULL AUTO_INCREMENT,
  `prefijo` varchar(32) DEFAULT NULL,
  `nombre` varchar(260) NOT NULL,
  `observaciones` text,
  `activo` tinyint(1) DEFAULT '1',
  `created_by` varchar(32) DEFAULT NULL,
  `updated_by` varchar(32) DEFAULT NULL,
  `created_at` datetime DEFAULT NULL,
  `updated_at` datetime DEFAULT NULL,
  PRIMARY KEY (`id`)
) ENGINE=InnoDB DEFAULT CHARSET=latin1;

--
-- Dumping data for table `perfil_usuario`
--


--
-- Table structure for table `propel_migration`
--

CREATE TABLE `propel_migration` (
  `version` int(11) DEFAULT '0'
) ENGINE=MyISAM DEFAULT CHARSET=latin1;

--
-- Dumping data for table `propel_migration`
--

INSERT INTO `propel_migration` VALUES (1425951287);

--
-- Table structure for table `proyecto`
--

CREATE TABLE `proyecto` (
  `id` int(11) NOT NULL AUTO_INCREMENT,
  `empresa_id` int(11) DEFAULT NULL,
  `prefijo` varchar(32) DEFAULT NULL,
  `nombre` varchar(260) NOT NULL,
  `direccion` varchar(260) DEFAULT NULL,
  `telefono` varchar(260) DEFAULT NULL,
  `encargado` varchar(260) DEFAULT NULL,
  `observaciones` text,
  `activo` tinyint(1) DEFAULT '1',
  `created_by` varchar(32) DEFAULT NULL,
  `updated_by` varchar(32) DEFAULT NULL,
  `created_at` datetime DEFAULT NULL,
  `updated_at` datetime DEFAULT NULL,
  PRIMARY KEY (`id`),
  KEY `proyecto_FI_1` (`empresa_id`),
  CONSTRAINT `proyecto_FK_1` FOREIGN KEY (`empresa_id`) REFERENCES `empresa` (`id`)
) ENGINE=InnoDB AUTO_INCREMENT=19 DEFAULT CHARSET=latin1;

--
-- Dumping data for table `proyecto`
--

INSERT INTO `proyecto` VALUES (1,1,'001','ADMIISTRACION','20 CALLE 5-36 ZONA 10','2382-2500','','',1,NULL,NULL,'2015-02-28 17:33:47','2015-02-28 17:33:47'),(2,2,'002','ADMIISTRACION PILO','','','','',1,NULL,NULL,'2015-03-04 01:18:18','2015-03-04 01:18:18'),(3,3,'0033','ADMIISTRACION ITSACEROS','Guatemala,Ciudad','','','',1,NULL,NULL,'2015-03-04 01:19:03','2015-03-04 01:19:03'),(4,4,'004','ADMIISTRACION RENTAMAX','Guatemala,Ciudad','','','',1,NULL,NULL,'2015-03-04 01:20:06','2015-03-04 01:20:06'),(5,2,'EF','EL FRUTAL','','','','',1,NULL,NULL,'2015-03-04 01:47:53','2015-03-04 01:47:53'),(6,2,'CM','CEMPRO','','','','',1,NULL,NULL,'2015-03-04 01:48:07','2015-03-04 01:48:07'),(7,2,'LR','LA RADIAL','','','','',1,NULL,NULL,'2015-03-04 01:48:24','2015-03-04 01:48:24'),(8,2,'TCQ ','TCQ ','','','','',1,NULL,NULL,'2015-03-04 01:48:37','2015-03-04 01:48:37'),(9,2,'KA','KATANA','','','','',1,NULL,NULL,'2015-03-04 01:48:54','2015-03-04 01:48:54'),(10,2,'OAK','OAKLAND MALL','','','','',1,NULL,NULL,'2015-03-04 01:49:14','2015-03-04 01:49:14'),(11,2,'RIIO','RIO NEGRO','','','','',1,NULL,NULL,'2015-03-04 01:50:13','2015-03-04 01:50:13'),(12,1,'LUC','LUCES DEL ENCINAL','','','','',1,NULL,NULL,'2015-03-04 01:50:26','2015-03-04 01:50:26'),(13,1,'AV','AVITA','','','','',1,NULL,NULL,'2015-03-04 01:50:40','2015-03-04 01:50:40'),(14,1,'ANT','ANTARIA','','','','',1,NULL,NULL,'2015-03-04 01:50:55','2015-03-04 01:50:55'),(15,1,'1350','EDIFICIO 13.50','','','','',1,NULL,NULL,'2015-03-04 01:51:12','2015-03-04 01:51:12'),(16,1,'CC','CC RUS','','','','',1,NULL,NULL,'2015-03-04 01:51:24','2015-03-04 01:51:24'),(17,1,'CCNAR','CC EL NARANJO','','','','',1,NULL,NULL,'2015-03-04 01:51:43','2015-03-04 01:51:43'),(18,1,'EL FRUTAL','EL FRUTAL','','','','',1,NULL,NULL,'2015-03-04 01:52:09','2015-03-04 01:52:09');

--
-- Table structure for table `tipificacion`
--

CREATE TABLE `tipificacion` (
  `id` int(11) NOT NULL AUTO_INCREMENT,
  `prefijo` varchar(32) DEFAULT NULL,
  `nombre` varchar(260) NOT NULL,
  `observaciones` text,
  `activo` tinyint(1) DEFAULT '1',
  `created_by` varchar(32) DEFAULT NULL,
  `updated_by` varchar(32) DEFAULT NULL,
  `created_at` datetime DEFAULT NULL,
  `updated_at` datetime DEFAULT NULL,
  PRIMARY KEY (`id`)
) ENGINE=InnoDB AUTO_INCREMENT=2 DEFAULT CHARSET=latin1;

--
-- Dumping data for table `tipificacion`
--

INSERT INTO `tipificacion` VALUES (1,'001','Normal',NULL,1,NULL,NULL,NULL,NULL);

--
-- Table structure for table `tipo_costo`
--

CREATE TABLE `tipo_costo` (
  `id` int(11) NOT NULL AUTO_INCREMENT,
  `nombre` varchar(32) DEFAULT NULL,
  `descripcion` varchar(100) DEFAULT NULL,
  `orden` int(11) DEFAULT NULL,
  `observaciones` text,
  `created_by` varchar(32) DEFAULT NULL,
  `updated_by` varchar(32) DEFAULT NULL,
  `created_at` datetime DEFAULT NULL,
  `updated_at` datetime DEFAULT NULL,
  PRIMARY KEY (`id`)
) ENGINE=InnoDB AUTO_INCREMENT=6 DEFAULT CHARSET=latin1;

--
-- Dumping data for table `tipo_costo`
--

INSERT INTO `tipo_costo` VALUES (1,'Tiempo','Operarios, administración, sin poder ejecutar, etc.',1,'',NULL,NULL,'2015-03-06 00:20:59','2015-03-06 00:22:42'),(2,'Equipo','Reparaciones, compras, mantenimientos, etc.',2,'',NULL,NULL,'2015-03-06 00:21:21','2015-03-06 00:23:01'),(3,'Material','De oficina, insumos del producto, infraestructura, etc.',3,'',NULL,NULL,'2015-03-06 00:21:38','2015-03-06 00:23:17'),(4,'Pruebas','Dispositivos seguimiento y medición, laboratorios, etc.',4,'',NULL,NULL,'2015-03-06 00:22:04','2015-03-06 00:23:31'),(5,'Otros','',5,'',NULL,NULL,'2015-03-06 00:22:29','2015-03-06 00:23:46');

--
-- Table structure for table `tipo_seguimiento`
--

CREATE TABLE `tipo_seguimiento` (
  `id` int(11) NOT NULL AUTO_INCREMENT,
  `orden` int(11) DEFAULT NULL,
  `prefijo` varchar(32) DEFAULT NULL,
  `descripcion` varchar(260) NOT NULL,
  `dias_sugeridos` int(11) DEFAULT NULL,
  `observaciones` text,
  `activo` tinyint(1) DEFAULT '1',
  `created_by` varchar(32) DEFAULT NULL,
  `updated_by` varchar(32) DEFAULT NULL,
  `created_at` datetime DEFAULT NULL,
  `updated_at` datetime DEFAULT NULL,
  PRIMARY KEY (`id`)
) ENGINE=InnoDB DEFAULT CHARSET=latin1;

--
-- Dumping data for table `tipo_seguimiento`
--


--
-- Table structure for table `usuario_empresa`
--

CREATE TABLE `usuario_empresa` (
  `id` int(11) NOT NULL AUTO_INCREMENT,
  `empresa_id` int(11) DEFAULT NULL,
  `usuario_id` int(11) DEFAULT NULL,
  `created_by` varchar(32) DEFAULT NULL,
  `updated_by` varchar(32) DEFAULT NULL,
  `created_at` datetime DEFAULT NULL,
  `updated_at` datetime DEFAULT NULL,
  PRIMARY KEY (`id`),
  KEY `usuario_empresa_FI_1` (`empresa_id`),
  KEY `usuario_empresa_FI_2` (`usuario_id`),
  CONSTRAINT `usuario_empresa_FK_1` FOREIGN KEY (`empresa_id`) REFERENCES `empresa` (`id`),
  CONSTRAINT `usuario_empresa_FK_2` FOREIGN KEY (`usuario_id`) REFERENCES `usuario` (`id`)
) ENGINE=InnoDB AUTO_INCREMENT=5 DEFAULT CHARSET=latin1;

--
-- Dumping data for table `usuario_empresa`
--

INSERT INTO `usuario_empresa` VALUES (1,1,2,NULL,NULL,'2015-03-06 00:50:20','2015-03-06 00:50:20'),(2,2,2,NULL,NULL,'2015-03-06 00:50:20','2015-03-06 00:50:20'),(3,3,2,NULL,NULL,'2015-03-06 00:50:20','2015-03-06 00:50:20'),(4,4,2,NULL,NULL,'2015-03-06 00:50:20','2015-03-06 00:50:20');

--
-- Table structure for table `usuario_proyecto`
--

CREATE TABLE `usuario_proyecto` (
  `id` int(11) NOT NULL AUTO_INCREMENT,
  `usuario_id` int(11) DEFAULT NULL,
  `proyecto_id` int(11) DEFAULT NULL,
  `observaciones` text,
  `activo` tinyint(1) DEFAULT '1',
  `created_by` varchar(32) DEFAULT NULL,
  `updated_by` varchar(32) DEFAULT NULL,
  `created_at` datetime DEFAULT NULL,
  `updated_at` datetime DEFAULT NULL,
  PRIMARY KEY (`id`),
  KEY `usuario_proyecto_FI_1` (`usuario_id`),
  KEY `usuario_proyecto_FI_2` (`proyecto_id`),
  CONSTRAINT `usuario_proyecto_FK_1` FOREIGN KEY (`usuario_id`) REFERENCES `usuario` (`id`),
  CONSTRAINT `usuario_proyecto_FK_2` FOREIGN KEY (`proyecto_id`) REFERENCES `proyecto` (`id`)
) ENGINE=InnoDB DEFAULT CHARSET=latin1;

--
-- Dumping data for table `usuario_proyecto`
--



